21 = p. Calculate the greatest common factor of y and u.
11
Suppose -8*y = -38 - 50. What is the highest common factor of 33 and y?
11
Suppose y + 8 = 5*y. Calculate the greatest common divisor of 8 and y.
2
Suppose -5*g = -h + 23, 4*g - 2*g = 2*h - 38. What is the highest common divisor of h and 6?
6
Suppose 0 = -5*i - 0*i - 10. Let r be i/6 + (-50)/(-6). Calculate the highest common factor of r and 32.
8
Let y be ((-44)/20 - 5)/(4/(-50)). What is the greatest common factor of y and 18?
18
Let q be (51/15 + -4)*110/(-2). What is the highest common factor of q and 33?
33
Let u be 156/(-65)*(-4 - 1). Let w = -10 + 16. What is the highest common factor of u and w?
6
Let d(x) = 11*x**2 + 2*x - 1. Let t be d(1). Calculate the greatest common divisor of t and 132.
12
Let u = -5 - -11. Let a = -5 + 8. What is the greatest common divisor of u and a?
3
Suppose 2*o = -2*u + 2, -6*o + 2*o - 5*u - 1 = 0. Calculate the greatest common factor of 48 and o.
6
Suppose 0 = q - 3*q + 80. Suppose 5*c - 15 = q. Calculate the highest common factor of c and 88.
11
Let h(m) = -m**2 - 9*m - 11. Let o be h(-8). Suppose -5*t + 2*t = 9. Let d be (t + 0)/(o/30). Calculate the greatest common factor of d and 5.
5
Let m(w) = -5*w - 10. Let g be m(-4). Calculate the greatest common factor of 10 and g.
10
Suppose -44 = -0*q - 2*q. Suppose b - p - q = 0, 3*b + 2*p = 11 + 45. Calculate the highest common divisor of b and 30.
10
Let m be 320/(-6)*(-54)/8. Calculate the highest common factor of m and 45.
45
Let u = 0 - 0. Suppose -2*g + g + 6 = u. Suppose -16 = -g*c + 2*c. What is the greatest common factor of 32 and c?
4
Let j(z) = 4 - 2*z + z + 4. Let o be j(6). Suppose 4*p - 36 = -4*a, -3*a = -o - 1. What is the greatest common factor of 1 and p?
1
Suppose 5*n + 12 = 4*b, -n + 5*b = -5*n + 15. Suppose n*h = -2*h + 114. Suppose 741*i = 736*i + 95. What is the highest common divisor of i and h?
19
Let n = -22 + 31. Calculate the greatest common factor of 81 and n.
9
Let t be 2084/26 - (-2)/(-13). Calculate the greatest common factor of t and 10.
10
Let c be (-4920)/(-28) + (-4)/(-14). Let f = -28 - -44. Calculate the highest common divisor of f and c.
16
Let r be 2/8 + 702/8. Suppose -2*y - 32 = -r. Let v be 207/(-6)*y/(-6). Calculate the greatest common factor of 23 and v.
23
Let r(y) = 18*y**3 - y. Let w be r(1). Let v = 145 - 80. Let o = v - 31. What is the greatest common factor of o and w?
17
Suppose m = -0*m + 90. Suppose -37 = -4*z + 3. What is the highest common divisor of m and z?
10
Let v be (33/2)/((-6)/(-40)). Let f be (1*-14 - 0)/(-2). Let c(m) = m**3 - 6*m**2 - m + 2. Let p be c(f). What is the highest common factor of p and v?
22
Suppose -a + 2*a - 5 = -5*t, a - 5*t = -5. Suppose -38 = -2*z - a*z. What is the highest common divisor of 190 and z?
19
Let i(n) = 2*n - 5. Let y be i(4). Let w = 494 + -346. Suppose -2*d + 2*c + 136 = y*c, -4*c = 2*d - w. Calculate the greatest common divisor of 6 and d.
6
Let s be (4/6)/((-4)/(-6)). Let q be (6/(-12))/((-1)/46). Suppose -q - s = -2*r. What is the greatest common factor of r and 96?
12
Let a = 32 - 20. Suppose p + 3*p = a. Suppose -4*g + 38 = p*d, 2*d + 6*g - 32 = 2*g. What is the highest common factor of 4 and d?
2
Let c(k) = -11*k - 6 + 2*k + 7*k. Let o be c(-8). What is the greatest common divisor of 110 and o?
10
Let w be ((-12)/5 - -2)*-10. Suppose z = w*z - 9. Suppose -2*c - 2*p + 179 = z*c, -3*c + 5*p + 95 = 0. What is the greatest common divisor of c and 14?
7
Suppose 2*r - 2 = 0, h - 4*r = -4*h + 71. Let x be -4 + 4 - 3/(-1). Let c be 493/x + (-8)/(-12). What is the greatest common factor of c and h?
15
Let p be 2 - (1 - (3 + -1)). Suppose -6*r + 7 = -2*r - 3*g, -g + p = 4*r. What is the highest common factor of 4 and r?
1
Let s be 2/3 - (-140)/6. Suppose 2*d - 7*d + 365 = 0. Let n = -37 + d. Calculate the greatest common divisor of s and n.
12
Let w = 64 + -56. Suppose -4*j = 3*k - 352, 0 = 4*j - 4*k + 2*k - 352. What is the greatest common factor of j and w?
8
Let h(c) = c**2 - 9*c + 27. Let p be h(11). What is the highest common divisor of 49 and p?
49
Let g(w) = -10*w - 5. Let x be g(-2). Calculate the greatest common divisor of 60 and x.
15
Let m(r) be the second derivative of r**4/12 + 5*r**3/3 - 19*r**2/2 + r. Let u be m(-13). Calculate the highest common divisor of 30 and u.
10
Let n = -3 + 5. Let b = 6 - n. Suppose -24 = b*h - 7*h. Calculate the greatest common divisor of 32 and h.
8
Let d be 2 + 0 + 12/2. Let y = 7 - d. Let t be 17 - -2*y/(-2). What is the highest common factor of 198 and t?
18
Let j(z) = -10*z. Let i be j(-3). Suppose y + i = 4*y. What is the highest common factor of 80 and y?
10
Let r be 3931/(-9) + (-4)/18. Let v be 24/32 + r/(-4). Calculate the highest common divisor of v and 10.
10
Suppose -2*j + 15 = -7. What is the highest common divisor of j and 22?
11
Let p be ((-9)/(-6))/((-9)/(-24)). Suppose 0 = 4*j + 5*z - 46, 23 = j - p*z + 1. Calculate the greatest common divisor of j and 35.
7
Let k be 31 + 2 - (0 + 1). What is the highest common factor of 288 and k?
32
Suppose -5 = 3*b + 40. Let g be 1 + b*(-6)/9. Calculate the highest common divisor of g and 44.
11
Let x = 8 + -5. Suppose 0*j + 4*b - 66 = -2*j, -4*b = -x*j + 59. What is the greatest common factor of 175 and j?
25
Let n be 2/(-4) - (-143)/(-2). Suppose u + 3*y - 10 = 0, -3*u - 2*y + 8 = -2*u. Let l be u - 4 - n/2. Calculate the greatest common factor of 90 and l.
18
Let d(t) = t**3 - 13 + 4 + 5*t**2 + t + 15 + 2*t. Let n be d(-4). Calculate the greatest common divisor of n and 20.
10
Let w be (-3 - 57/(-15)) + (-303)/(-15). What is the greatest common divisor of 3 and w?
3
Let y = 180 + -100. Calculate the greatest common factor of y and 8.
8
Let o = 25 + 0. Suppose -3*u = m - o, 5*m = -3*u - 0*m + 17. Calculate the greatest common divisor of u and 18.
9
Let b(o) = 7*o - 2. Let d be b(2). Let n = 22 - d. Suppose 5*k + 49 = 349. Calculate the highest common factor of k and n.
10
Let v(z) = -3*z + 6. Let s be v(-7). Let w = -157 - -265. What is the highest common factor of w and s?
27
Suppose 2*r - 153 - 17 = 0. Let v(x) = x**3 - 4*x + 2. Let c be v(3). What is the highest common factor of c and r?
17
Suppose 5*y - 181 - 619 = 0. Let l be ((-8)/10)/((-8)/200). What is the highest common factor of l and y?
20
Suppose 2*s - 226 - 50 = -3*p, -440 = -3*s + 2*p. Calculate the greatest common factor of 16 and s.
16
Let a be ((-1)/(6/(-60)))/((-4)/(-6)). What is the greatest common factor of a and 255?
15
Suppose o + 2*p - 10 = 0, 8*o = 3*o - 4*p + 44. What is the highest common divisor of o and 64?
8
Let b = -11 + 11. Suppose -d = -b + 7. Let p be ((-2)/d)/((-4)/(-56)). What is the highest common divisor of p and 20?
4
Suppose -55*y + 40 = -53*y. What is the greatest common divisor of y and 220?
20
Let m = -11 - -12. What is the greatest common divisor of 2 and m?
1
Suppose -3*b = -5*c - 804, -2*b + 130 + 419 = c. What is the greatest common divisor of 39 and b?
39
Let v(g) = g**3 + g + 28. Let w be v(0). Suppose -b - 167 = -4*m, 212 = 7*m - 2*m + 2*b. Calculate the highest common factor of m and w.
14
Suppose 2*b = 5*v + 1889, -5*b + 1895 = -5*v - 0*v. Let x = -234 - v. What is the greatest common divisor of x and 13?
13
Let b = 3 + -1. Suppose 4*f = b*f + 4. Calculate the greatest common factor of 14 and f.
2
Let g = -26 - -39. What is the highest common factor of g and 104?
13
Let u(g) = g**3 + 5*g**2 + g - 1. Let s be u(-2). Let z = 0 + s. Calculate the greatest common factor of 36 and z.
9
Let w = 24 - 0. Calculate the greatest common divisor of w and 264.
24
Suppose 0 = 5*l - l - 688. Suppose -5*y - 2*v = -229, 4*y - l = -2*v + 6*v. Calculate the greatest common divisor of y and 18.
9
Let s be 20/(2 + 0 + -1). Calculate the highest common factor of 50 and s.
10
Suppose 0 = 63*v - 68*v + 165. Calculate the highest common factor of 77 and v.
11
Let f(c) = 4*c**3 - 2. Let a(k) = k - 6. Let y(z) = z**2 + 4*z - 4. Let m be y(-6). Let i be a(m). Let b be f(i). What is the greatest common factor of 6 and b?
6
Let j = 13 + -12. Calculate the highest common factor of j and 8.
1
Suppose -4*v + 76 = -4*s, 2*s = v - 20 - 0. What is the highest common factor of v and 27?
9
Let u(x) = x**2 - 8*x + 5. Suppose 0 = -k - 5*j - 12, -